). Suppose o*l - l = 9198. What is the tens digit of l?
3
Let h be 5 + 13/(39/(-6)). Suppose 0 = 5*v + 3*s - 2120, 2*s - 1621 = -h*v - 350. What is the hundreds digit of v?
4
Let t(x) = 42*x**2 - 2 - 4*x + 3*x - 53*x**2. Let i be t(-1). What is the tens digit of 32/i*(-117)/6?
5
Let t = -9 + 22. Let l be 3 + -1 + ((-32)/(-4))/4. Suppose -l*g + 45 = t. What is the units digit of g?
8
Let k be (-3 + 945 + -4)*(-1)/2. Suppose -6*d = -3*d + 831. Let q = d - k. What is the units digit of q?
2
What is the ten thousands digit of (-141 - -67)*(-130)/8*14?
1
Suppose 0 = 2*o + 20145 - 59625. What is the hundreds digit of o?
7
Suppose -2*r = 11*f - 10*f - 2368, 3*r + 7059 = 3*f. What is the hundreds digit of f?
3
Suppose 3*g = 125 - 110. Suppose -21*k - 2744 = -5*v - 22*k, 0 = -g*v - 5*k + 2760. What is the tens digit of v?
4
Suppose -16 = -172*v + 170*v. What is the units digit of v/20 - 1123/(-5)?
5
Let v = -49 - -73. Let y(j) = 7*j**2 - 46*j - 58. Let h(i) = -2*i**2 + 5*i. Let f(m) = -3*h(m) - y(m). What is the units digit of f(v)?
6
Suppose 0 = 3*w - 7*l + 9*l - 22, -3*w = 5*l - 37. Suppose 15*a = 18*a - 4*j - 791, 0 = w*a + j - 1042. What is the units digit of a?
1
Let h(l) = l**3 - 9*l**2 - 38*l - 2. Let u(q) = -q**3 + 5*q**2 + 8*q - 24. Let v be u(5). What is the tens digit of h(v)?
8
Let j(a) = -a**2 + 14*a - 48. Let s be j(6). Let i(x) = -x + 47. Let o be i(s). Suppose -49*k = -o*k - 190. What is the units digit of k?
5
Let h be 4/(-6) - 188/6. Suppose -1175*w + 3*n - 65 = -1177*w, 17*w - 529 = -2*n. Let f = w - h. What is the units digit of f?
3
Let t(f) = -f**2 - 4*f - 6. Let z be t(-3). What is the hundreds digit of 183*(7 + z - 2)?
3
Let d = 491 - 93. Let v = d - -585. What is the hundreds digit of v?
9
Suppose 153*q = 158*q - 6905. Let j = 117 + q. What is the hundreds digit of j?
4
Suppose -11*v = 25*v - 756. Suppose v*r - 7*r = 11760. What is the units digit of r?
0
Let t = -33 - 212. What is the tens digit of (-210)/t - (-6120)/14?
3
Let z = -13263 + 23867. Suppose -28*u = -6*u - z. What is the tens digit of u?
8
Suppose 143 = -l - 3*l - 5*x, 3*l + 5*x = -106. What is the tens digit of (l/(-37))/((-2)/(-30))?
1
Let g(w) be the second derivative of -310*w**3 + 105*w**2 - 24*w. Let x(f) = -98*f + 11. Let b(c) = -4*g(c) + 75*x(c). What is the hundreds digit of b(2)?
1
Let q(z) = 82*z - 1. Suppose 3*g = -3*g + 12. Let i = g + -1. What is the units digit of q(i)?
1
Suppose -46*x = -50*x, -16*w = -2*x - 996912. What is the ten thousands digit of w?
6
Let z(f) be the second derivative of 4*f**3/3 - 30*f**2 - 82*f. Suppose -4*c - 4*j = -104, -3*c + 121 = 2*c + 2*j. What is the hundreds digit of z(c)?
1
Let k(p) = -12 + 5*p - 2*p + 1 + 0*p + 17*p**2. Let q be k(-5). Suppose -127 = -v - s, 2*s = -3*v + 5*s + q. What is the hundreds digit of v?
1
Suppose 2*r = m + 16, -4*m + 5*r + 23 = 72. What is the units digit of (-4)/m*2*33*2?
8
Let m(w) = -4*w**3 - 13*w**2 + 8*w + 8. Let s be m(-7). Let h = 1149 - s. What is the hundreds digit of h?
4
Let c(w) = 130*w - 4. Let i(g) = -g**2 - 9*g + 11. Suppose 5*o + 29 = -21. Let j be i(o). What is the units digit of c(j)?
6
Let c be 1/40*-15 + (-3)/(-8). Suppose 6*l = 3*l + 144. Suppose 7*z - 398 + l = c. What is the units digit of z?
0
Suppose 0 = i, 22*i = -4*f + 20*i + 48. Suppose -17*m - f*m = -3567. What is the hundreds digit of m?
1
Let y be 21*(-2)/8*8/6. What is the thousands digit of (-478)/(-8)*((-7)/y + 19)?
1
Let d = -74 - -80. What is the hundreds digit of (3/d)/(4/8) + 287?
2
Suppose -3*r - 19437 = -5*z, -31*r + 5 = -26*r. Suppose 48*k - 57*k = -z. What is the tens digit of k?
3
Let r(k) = -k**2 - 4*k + 21. Let b be 6*(0/1 + (-8)/8). Let o be r(b). What is the units digit of (6/o)/(10/825)?
5
Suppose 3*x + p + 13104 = 0, 0 = -4*x + 2*p - 5*p - 17472. What is the hundreds digit of x/(-27) - 36/(-162)?
1
Suppose 0 = -4*m - w + 154 - 28, m = 2*w + 36. Let s = -32 + m. Suppose v + i + s = -2, -5*v - 2 = 3*i. What is the units digit of v?
2
Let t be (-32708)/(-68) - 5*1. Let q = 950 - t. What is the units digit of q?
4
Suppose -y - 2*a + 11732 = 0, 6*a - 3*a = 2*y - 23471. What is the tens digit of y?
3
Let d = 31 + -31. Suppose n + 0*n - 77 = d. Let p = n + -39. What is the units digit of p?
8
Suppose -177*r + 100*r = -209055. What is the thousands digit of r?
2
Suppose f + 18*g - 26445 = 17*g, 0 = -5*f - 3*g + 132235. What is the ten thousands digit of f?
2
What is the tens digit of -4 - 94/(-23) - (15 + (-3480126)/46)?
4
Let l be 1/((-8)/12)*-2. Suppose -156 = -l*n + 270. Let x = -67 + n. What is the tens digit of x?
7
Let b(r) = 1824*r - 222. What is the thousands digit of b(3)?
5
Let y = -40 + 94. What is the hundreds digit of (-1233 - 3)*y/(-72)?
9
Let p = 186 - -103. Let h = 609 - p. What is the hundreds digit of h?
3
Suppose 3*x = -2*m + 173966 - 38130, 6*m + 3*x - 407472 = 0. What is the units digit of m?
9
Suppose -2*k + 46 = -0*k - 2*n, -5*n = 5. Suppose 1636 + 20716 = k*s. What is the hundreds digit of s?
0
What is the thousands digit of (-2047476)/(-28) + (-294)/(-343)?
3
Let d(t) = 1868*t**3 - 2*t**2 - 5*t + 6. What is the units digit of d(1)?
7
Let p = 224 - 222. What is the tens digit of 3/(-15)*(-95)/p*4?
3
Suppose 697 = a + j, 117*j - 122*j + 15 = 0. What is the units digit of a?
4
Let p(u) = u**2 - 3*u. Let k(t) = t**3 - 11*t**2 + 9*t + 10. Let b be k(10). Suppose b = 5*m - 22 - 28. What is the units digit of p(m)?
0
Suppose t - 11 = -5*p, -3*t + 8*p - 3*p = -93. Suppose 3*s + 148 = 5*k, -5*s - 6 = -t. What is the tens digit of (k/6)/(18/324)?
9
Let l(z) = z**3 - 5*z**2 - 7*z + 7. Let i be l(6). What is the units digit of (191 - 4) + 2/i?
9
What is the thousands digit of ((-308)/11)/((-2)/(-6)*21/(-7357))?
9
What is the thousands digit of (-219)/((5 - 40986/8196)*6)?
9
What is the ten thousands digit of (1452/(-8))/(-11)*744 + 7?
1
Suppose 4*k + 0 = 2*y + 10, 5*y + 25 = 4*k. Suppose 207 = i - 2*f, 5*f - 27 + 2 = k. What is the units digit of i?
7
Let l(j) = j**3 - 2*j**2 + 22*j + 20357. What is the hundreds digit of l(0)?
3
Let s(w) = -w - 16. Let g be s(-11). Let y = -533 + 13. What is the tens digit of y/(-6) - g/15?
8
Suppose 0 = -j + 3*d + 20361 - 1651, 2*j + 2*d - 37452 = 0. Suppose 110*u - j = 87*u. What is the units digit of u?
4
Let d(t) = 138*t**2 - 33*t - 92. Suppose 8 = 4*y, 3*y - 21 = 2*r + 3*r. What is the thousands digit of d(r)?
1
Let m(f) = 20*f**2 + f + 1. Let q be 1/1 + 0 + 6. What is the tens digit of m(q)?
8
Suppose 5*y + 52 = 3*z, -13 = -y - 12. Let v(m) = -2*m**3 + 38*m**2 + 3*m - 56. What is the units digit of v(z)?
1
Suppose 5*b - 24 = 5*n + 36, 0 = 4*b + 3*n - 20. Suppose b*j = 15*j - 735. Suppose j*t - 108*t = -282. What is the units digit of t?
4
Suppose 3*z + 18 = -0*z, 0 = 2*b + 5*z - 25166. What is the tens digit of b?
9
Let s(c) = c**2 - 18*c + 6. Let z = -13 + 30. Let u be s(z). Let t(f) = -f**3 - 12*f**2 - 18*f + 20. What is the units digit of t(u)?
7
Let k = 61923 - 29010. What is the thousands digit of k?
2
Suppose 2*u - 50 = 768. Let r = u + 263. What is the hundreds digit of r?
6
Let g(u) = -2 + u**2 + 11 - 16*u + 2*u + 1. Let k be g(13). What is the tens digit of ((-344)/(-6))/((-1)/k)?
7
Let g(m) = 21*m**2 - 31*m - 245. What is the units digit of g(-7)?
1
Suppose 668*b = 682*b - 13160. What is the tens digit of b?
4
Suppose 24*y + 12 = 21*y, -7687 = -3*w - 5*y. What is the tens digit of w?
6
Suppose -4*c + 5*j = -21881, 50*c = 55*c + j - 27344. What is the units digit of c?
9
Let w be ((-66)/(-9) - 6)*(-1 + 25). Suppose -w*c + 816 = -26*c. What is the hundreds digit of c?
1
Let i(t) = t - 123. Let x(y) = -2*y + 184. Let c(a) = -8*i(a) - 5*x(a). What is the units digit of c(-16)?
2
Suppose -2*l - 1282 = 2*v + 156, 0 = 4*l - 8. Let r = -210 - v. What is the hundreds digit of r?
5
Suppose -5*f + 8844 = 3*o, -5*f + 2*o + 10078 = 1224. Suppose 7*b - f = 13*b. Let u = -210 - b. What is the units digit of u?
5
Let y = 14111 + -8288. What is the tens digit of y?
2
Let q be 111/(-2) + 9/(-18). Let x be q/(-98) - (-636)/14. Let y = -36 + x. What is the tens digit of y?
1
Let z = -13696 + 23275. What is the hundreds digit of z?
5
Suppose 0 = w - 2*i + 5, 4*w - w = -i + 6. Suppose -4*x - 4 = -c - 0, -3*c - 18 = 3*x. What is the units digit of x/(-4)*(